 + 11*c - 5 - f*c. Give j(5).
1
Suppose 6*u - u + 5*x = -5, -5*u - 3*x = 15. Let c(m) = m + 43. Let p(s) = -11. Let a(b) = c(b) + 3*p(b). What is a(u)?
4
Let h(b) = -b**2 + 3*b + 3. Suppose 0 = 4*i - 277 + 77. Suppose -i = -7*z - 15. Give h(z).
-7
Let n(g) = -1. Let s(t) = 8 - 4*t + 5*t - 11. Let u(q) = -6*n(q) + s(q). Let d be 0/(2*(-1 - -2)). Calculate u(d).
3
Let a(m) be the second derivative of m**5/20 + m**4/3 + m**3/6 + m. Suppose 5*r + 12 = u, 41*u = -5*r + 43*u - 9. Determine a(r).
6
Let w(g) be the second derivative of g**3/3 + 2*g**2 + 3*g + 23. Determine w(-9).
-14
Suppose -15 = -4*z - 7. Let x be 8/(z*(-2)/4). Let r(o) = -o**3 - 8*o**2. Determine r(x).
0
Suppose 0 = -z - 2*k - 2*k - 13, -2*z = -2*k - 14. Suppose 0 = -3*d + 2*d - 4*q - 20, -z*q - 15 = -3*d. Let h(g) = g**3 + g**2 - 5. Give h(d).
-5
Let s(y) = -56*y - 48*y + 155*y + 6 - 52*y. What is s(15)?
-9
Let z(s) = -s**2 - s. Let r(n) = n**3 - 3*n**2 + 5*n - 9. Let q(w) = -r(w) - 4*z(w). Give q(7).
2
Let z(i) = 18*i**3 + i**2 + i. Let r(k) = 77*k + 538. Let l be r(-7). Calculate z(l).
-18
Let t(m) = -3*m + 2. Let d(w) be the second derivative of 0 - 5*w - 1/2*w**3 + w**2. Let c(h) = -4*d(h) + 3*t(h). What is c(2)?
4
Let n be (-5 + 1)*(3/12 + 1). Let q(r) = r**3 + 3*r**2 - 7*r - 5. Determine q(n).
-20
Let o be (-2)/(-6) + (-1)/3. Suppose o = -0*t - 2*t. Let p(f) be the first derivative of -f**2/2 + 12*f - 461. What is p(t)?
12
Suppose 0 = -2*i - 3*x - 14, -2*i - 2*i = 3*x + 28. Let p(h) = -2*h. Determine p(i).
14
Suppose n - w - 2 - 9 = 0, 0 = -5*n - 4*w + 64. Let f(q) = q**2 - 13*q + 12. Give f(n).
0
Let i(a) be the first derivative of -a**2/2 - 6*a + 14. Give i(8).
-14
Let m(q) = -q**2 - 33*q + 237. Let u be m(-39). Let k(p) be the third derivative of 1/12*p**4 - 2*p**2 + 0*p - 1/6*p**u + 0. Give k(3).
5
Let h(t) = -14*t - 45. Let z(j) = -7*j - 27. Let b(m) = -3*h(m) + 5*z(m). Determine b(-3).
-21
Let u(p) = -4 + 6*p**2 - 4 + 2*p + 2 - p**3. Suppose 0 = -5*o - 4*w + 14 - 3, -4*o + 7 = 5*w. Suppose o = 4*x - 21. Give u(x).
6
Suppose 15 = -7*x + 57. Let k(s) be the second derivative of -s**4/12 + 7*s**3/6 - 7*s**2/2 - 4*s. What is k(x)?
-1
Let x(m) = 3*m + 2. Let g(s) be the third derivative of 0*s + 1/2*s**3 - 2*s**2 - 1/6*s**4 + 0 + 1/60*s**5. Let w be g(4). Determine x(w).
11
Let o(p) = p**2 + 3*p - 3. Suppose 16 = -2*r + 6. Calculate o(r).
7
Let a(g) = -14*g + 25. Let s(q) = -23*q + 51. Let m(u) = 7*a(u) - 4*s(u). Give m(-4).
-5
Let t = -12282 - -12278. Let b(h) = 20*h + 29. Let n(o) = -7*o - 10. Let x be -10*(1 + 14/(-10)). Let y(s) = x*b(s) + 11*n(s). What is y(t)?
-6
Let u(z) = -5*z + 0*z**2 - 4 + 0*z**2 + z**2. Let j = -1660 - -1665. Determine u(j).
-4
Let l(p) be the second derivative of p**6/360 - 7*p**5/120 + 3*p**4/4 + 2*p. Let z(k) be the third derivative of l(k). Calculate z(5).
3
Let y(h) = 2*h**3 - 13*h**2 - 5*h + 4. Let n(o) = 2. Let f(x) = 2*n(x) - y(x). Calculate f(7).
-14
Let x(y) = y**2 + 2*y - 1. Let a(f) = -5*f**2 + 10*f - 11. Let j(p) = 6*p**2 - 11*p + 12. Let q(g) = -5*a(g) - 4*j(g). Let u be q(3). Give x(u).
-1
Let c(j) = -4 + 0*j - 1 + 2*j - 3*j. Suppose 0 = -5*z - 7*q + 9*q - 39, 2*z + 22 = 4*q. What is c(z)?
2
Let d(k) = -46*k**2 - 18*k + 19. Let m(z) = 25*z**2 + 9*z - 10. Let w(i) = 6*d(i) + 11*m(i). What is w(-8)?
12
Let h(j) be the third derivative of 5*j**4/8 + j**3/6 + 2*j**2 + 50. What is h(-1)?
-14
Let o = 274 - 547/2. Let y(t) be the first derivative of -4 - 2*t + o*t**2. Calculate y(0).
-2
Let d be 4/6 - (-56)/42. Let x(n) = 2*n - 3. Give x(d).
1
Suppose n + 16 = -n. Let j(c) = -24 - 34*c**2 - c - 26*c**2 + 14 + 8*c + 61*c**2. Give j(n).
-2
Let a(q) = q - 9*q + 7*q + 7*q + 5. Calculate a(3).
23
Let b(d) = 7*d. Let t be 5 - 2 - 4 - (-2 - 0). Calculate b(t).
7
Let s(z) be the first derivative of z**4/6 - z**3/2 - 17*z**2/2 - 25. Let p(i) be the second derivative of s(i). Give p(2).
5
Let g(o) = -2*o**3 + o**2 + 6*o - 7. Suppose 4*x + 2*j = 6, 18*j - 15*j + 3 = 0. Determine g(x).
-7
Let i = 2505 + -2493. Let f(z) = -z**2 + 8*z + 16. Calculate f(i).
-32
Let b(w) = -w**3 + w**2 - w - 1. Let d(y) = -6*y**3 - 2*y**2 - 10*y + 2. Let u(g) = -5*b(g) + d(g). Calculate u(-6).
1
Let f(a) be the second derivative of a**4/12 + a**3/6 + 16*a - 3. Calculate f(3).
12
Let h(l) = 2*l**2 + 5*l - 2. Let v be h(-3). Let s(b) = b. Determine s(v).
1
Let q(u) = u**2 + 2*u + 16. Let v(h) be the second derivative of -h**4/12 - h**3/6 - h**2/2 + 3*h. Let o(a) = q(a) + 2*v(a). Give o(0).
14
Suppose 3*a = 3*t - a - 90, t - 3*a - 35 = 0. Let y = t + -21. Let w(h) = h. Calculate w(y).
5
Let j be (1/(18/(-45)))/((-15)/18). Let v(t) = -t**3 + 7*t**2 - 2*t. What is v(j)?
30
Suppose -t + 12 = -4*d - 1, -44 = -5*t - d. Let y(g) = g**2 + 0*g**2 - g**3 - t - 8*g**2 + 1. Calculate y(-7).
-8
Let v(c) be the first derivative of -5*c**4/4 - c**3/3 + c**2/2 - 2*c - 15. Let r(g) = -4*g**3 - g**2 + g - 3. Let z(i) = 6*r(i) - 5*v(i). What is z(0)?
-8
Let k(v) be the first derivative of v**3/3 - 2*v**2 - v - 402. Let l be (5 + 2/(-1))/1. Calculate k(l).
-4
Let a(q) = 4*q + 9766 - 7*q**2 - 9758 + q + q**3. Determine a(6).
2
Suppose -4*o + 1020 = 5*q, q = 5*q. Let j(a) = o*a**2 + 259*a**2 + 1 - 513*a**2. Calculate j(-1).
2
Let c(n) = -n - 1. Let b = -86 + 79. Let t(w) = -4*w - 4. Let p(y) = b*c(y) + 2*t(y). What is p(7)?
-8
Suppose -6 = 2*o + 3*t, o + 1 = -5*t - 16. Suppose -2*u + 12 = y, -o*y - u = -0*y - 16. Let l(r) be the first derivative of 3*r**2/2 - r - 1. What is l(y)?
11
Let x = -18 + 14. Let j be -1 + 2 + -1 - x. Suppose -3*v - 23 = -j*g - 6, 12 = 2*v + 2*g. Let b(n) = -5*n. Determine b(v).
-5
Suppose 4*l + 9 - 9 = 0. Suppose -2*i + 4*i - 4 = l. Let j(t) = t**2 + t + 2. Calculate j(i).
8
Suppose -3*w - 5 = -4*w. Let j(n) = 33*n**2 + 17*n - 12. Let o(y) = 53*y**2 + 26*y - 19. Let h(r) = 8*j(r) - 5*o(r). Calculate h(w).
4
Let d(q) = q**3 - 7*q**2 + 4*q + 17. Let h be d(6). Let a(p) be the second derivative of p**4/12 - 7*p**3/6 + 3*p**2/2 - 14*p. Give a(h).
-7
Let h(b) = b**2 + 6*b + 4. Let w = 21 - 20. Let v(a) = -a + 4*a + 3 + 2 - w. Let i be v(-3). Determine h(i).
-1
Let g(p) = p**3 + 19*p**2 - 2*p - 29. Let q be g(-19). Let d(m) = -m**3 + 9*m**2 + m - 8. Give d(q).
1
Suppose -2 = -2*n - 5*r + 51, 5*n - 5*r - 45 = 0. Let f(c) = c**3 - 14*c**2 - 6. Determine f(n).
-6
Let n(r) = -3*r + 31. Let k be ((-5)/(-2))/((-4)/8). Let z(h) = h - 15. Let f(a) = k*z(a) - 2*n(a). Calculate f(-9).
4
Let c(h) = -8*h**3 - h**2 + h + 1. Let g be 8/16 - 3/(-2) - 3. Calculate c(g).
7
Let l(h) = 5*h**3 - 7*h**2 + 4*h - 2. Let r(k) = -7*k**3 + 7*k**2 - 3*k + 3. Let g(z) = -3*l(z) - 2*r(z). Calculate g(5).
20
Let n(x) = -2*x + 27 - 44 + 2*x + 23 + 10*x. What is n(-2)?
-14
Let o(z) = 1. Let g(i) = i - 22. Let p(x) = -g(x) + 4*o(x). Let c be p(20). Let y(r) = r**3 - 5*r**2 - 6*r + 5. Determine y(c).
5
Let u(n) = 15*n**2 + 46*n - 6. Let s(d) = -7*d**2 - 22*d + 3. Let q(i) = 13*s(i) + 6*u(i). What is q(-11)?
-8
Suppose 4*n + 2*b - 140 = 0, 0 = 5*n - 2*b - 141 - 16. Suppose 8 = -5*w + n. Let u(h) = -10*h + 8 + 4*h - 4*h**2 + h**3 - 5. Calculate u(w).
-2
Let t be (-5)/(-1)*14/(-35). Suppose -2*z = -u - 7, -5*z = -2*u - 2*u - 10. Let y(l) = -8. Let i(x) = x - 9. Let d(a) = z*i(a) - 7*y(a). What is d(t)?
-10
Suppose 20 - 84 = -8*y. Suppose -4*s = -4*o + 8, -4*o - 2*s + 0 = -y. Let n(x) = 5*x + 5 - o - 1. Give n(-2).
-8
Let f(u) = 2*u - 9. Suppose 6*g = 2*g + 52. Suppose -2*v + g = -5*y, -8*y + 4*y - 4*v = 16. Let n(w) = -3*w + 9. Let l(h) = y*n(h) - 4*f(h). What is l(-6)?
3
Let w(z) be the third derivative of z**4/4 - z**3/3 + 126*z**2. What is w(-2)?
-14
Let r(j) be the first derivative of j**2/2 + 11*j + 2. Suppose 4*v = -2*m - 28, -10 = 3*v - 2*m + 25. What is r(v)?
2
Let p(u) = 2*u - 15. Let y = -22 - -36. Let w be p(y). Suppose -w = 5*i + 12. Let t(x) = x**2 + 4*x. What is t(i)?
5
Let z(l) = -l**3 + 7*l**2 - 9*l + 14. Let g be z(6). Let f(o) = 4*o**2 - 3*o - 6*o**2 - 4 + 4*o**2 + 6*o. Determine f(g).
16
Let h(l) = 8*l - 1. Let z(c) = -17*c - 36. Let r(j) = -3*h(j) - z(j). What is r(6)?
-3
Let z(s) = -4*s - 7. Let y = -9 + 12. Let c(m) = -m + 7 + 3*m + 2*m - m. Let q(h) = y*c(h) + 2*z(h). Determine q(-5).
2
Let x(r) = -6 - 69*r**2 + 6*r + 209*r**2 - 73*r**2 - 69*r**2. What is x(3)?
-6
Let n be -3 + 4 - (